 4*u, 4*q = 5*u - 26. Calculate the greatest common factor of u and 22.
2
Let f be (2 - 4)/(0 + 2). Let j = 5 + f. Let h be (3 + -19)/((-2)/4). Calculate the greatest common divisor of j and h.
4
Suppose w + 11 = 2*h, 0*h + 5*h + w - 17 = 0. Let q(n) = -n**3 - 10*n**2 - 14*n - 9. Let j be q(-9). What is the highest common factor of j and h?
4
Suppose 0 = m - 9 - 2. Let c(s) = 120*s**3 + s**2 + s - 1. Suppose 3 = 3*i - 0. Let g be c(i). Calculate the greatest common divisor of m and g.
11
Let z be (-388)/(-14) - 4/(-14). Suppose z = 4*h - 4*k, 8*k - 4*k = -2*h + 8. Let g = 11 - 7. Calculate the greatest common factor of h and g.
2
Suppose t + 2*n = 26 - 141, -3*n + 405 = -4*t. Let b be (-42)/5*t/6. Calculate the greatest common divisor of b and 21.
21
Suppose -87 = -2*h + 147. What is the greatest common factor of h and 13?
13
Let g(o) = 3*o**2 - 25*o - 13. Let b be g(9). Let w(s) = -13*s - 1. Let d be w(-2). Calculate the highest common divisor of b and d.
5
Let f(w) = w**2 - 17*w + 23. Let u be f(16). What is the highest common divisor of 49 and u?
7
Let y = 12 + -20. Let s = y + 17. Suppose 0 = 4*o - 309 - 87. Calculate the greatest common divisor of s and o.
9
Suppose -w - 3 = 3*r, -5 = -8*w + 3*w - 5*r. Calculate the highest common factor of w and 42.
3
Let w be (-2)/5*(-70)/14. What is the greatest common divisor of w and 18?
2
Suppose 360 = -12*g + 15*g. Calculate the highest common divisor of 48 and g.
24
Let k be (20/(-6) - -2)*(-630)/12. What is the highest common divisor of k and 10?
10
Let l(x) = x**2 + 7*x - 9. Let b be l(-11). Calculate the highest common divisor of 245 and b.
35
Suppose 4 = 2*t - 2. What is the greatest common factor of t and 15?
3
Let z = -39 - -47. What is the highest common divisor of 44 and z?
4
Suppose 2*b = -0*b + 2*u + 70, -b - 3*u = -43. Calculate the greatest common factor of 74 and b.
37
Let l = 32 - 17. Calculate the greatest common factor of l and 60.
15
Let z(j) = 2*j**2 + 0*j**2 + 5 - j**2 - 6*j + 1. Let w be z(8). Calculate the greatest common factor of w and 2.
2
Suppose s + 1 = -4*q + q, 3*q - 43 = -5*s. Calculate the greatest common divisor of s and 88.
11
Let n = 0 - 0. Suppose 4*u = -n*u + 60. What is the highest common divisor of u and 120?
15
Let u(r) = 2*r - 3 - 3*r**2 + 5 + 2*r**2. Let p be u(3). Let i be (2/(-4) - p)*2. What is the greatest common factor of i and 5?
1
Let m = 15 - 22. Let l = 19 + m. What is the highest common factor of 12 and l?
12
Let j = 4 - 4. Let v be (3 + j)/(-3) - -9. What is the greatest common divisor of 12 and v?
4
Let m(p) = -p**2 + 4. Let w be m(0). Suppose -k + 2*k + 22 = 0. Let r = 58 + k. Calculate the greatest common divisor of w and r.
4
Let t(k) = 8*k**2 + 1. Let n be t(1). What is the highest common divisor of 45 and n?
9
Suppose -3*g + 4*f = -263 - 125, 3*g = -4*f + 380. Calculate the highest common factor of g and 16.
16
Suppose 5*h - 3*h = 24. What is the greatest common divisor of 36 and h?
12
Suppose -4*f + r + 15 = 0, -r + 6*r = 5*f - 30. Suppose 0 = 2*x + f*x - 70. Let y be (0 + -1)*1 - -8. What is the highest common factor of y and x?
7
Let q(t) = -2 + 0 + 4 - 63*t. Let j be q(-2). Let b = 30 + -14. Calculate the highest common factor of j and b.
16
Suppose 3*q - 2*q = 158. Let s be (-16)/88 - q/(-22). What is the greatest common factor of s and 7?
7
Let r(o) = o**2 + 2. Let u be r(0). Suppose k = u + 16. What is the highest common divisor of k and 36?
18
Suppose -u + 34 = -76. What is the highest common factor of u and 22?
22
Let l = 7 - -4. Suppose 5*a = 2*t - 6 + 2, t + 1 = a. Let u be ((-6)/(-9))/(a/(-3)). Calculate the greatest common divisor of u and l.
1
Suppose -2*w = -2 - 2. Suppose -w - 21 = -m. What is the greatest common factor of 23 and m?
23
Let l be -21*5/(-15) + 2. Calculate the highest common factor of 12 and l.
3
Suppose -w - 30 = -4*w - 5*d, 5*w + 5*d = 60. Calculate the highest common factor of w and 45.
15
Let h be (-2 + 1)/(((-15)/(-170))/(-3)). Let l = 161 + -110. Calculate the greatest common factor of l and h.
17
Let k(l) = -l**3 - 3*l**2 - 4*l - 3. Let u be k(-3). Calculate the highest common factor of u and 36.
9
Suppose -3*p + 4*u + 128 = 0, 0*u - 15 = 3*u. Suppose 8 = 2*f - 0*f. Suppose f*s - 97 = -1. What is the highest common divisor of s and p?
12
Suppose -15 = m + 2. Let s = 74 + m. Let c = s + -33. What is the highest common divisor of 60 and c?
12
Let t be (-21)/(-4) + (-2)/8. Let f = t + -1. Calculate the greatest common divisor of 28 and f.
4
Suppose 45 = 5*h + 5*p, p + 5 = 2*h - 10. What is the greatest common divisor of 1 and h?
1
Let v be (-1)/(0 + (-1)/4). What is the highest common factor of 20 and v?
4
Let c be 484/16 + 1/(-4). Calculate the greatest common factor of 90 and c.
30
Let a(l) = 2 - 6 + l**2 + 4*l + l**3 + 5*l**2. Let o be a(-4). Let c(i) = 4*i**2 + 6*i. Let t be c(-6). What is the highest common divisor of o and t?
12
Let k be 33*((-7)/(-3) - 3). Suppose 0*s = -3*s + 96. Let o = k + s. What is the greatest common factor of 25 and o?
5
Let z(g) = g**3 - 14*g**2 - 14*g - 12. Let a be z(15). What is the greatest common factor of 33 and a?
3
Let n(f) = -64*f + 3. Let u be n(2). Let m = u - -230. Calculate the highest common divisor of m and 21.
21
Let x = 5 + -6. Let g be 2/((-4)/(-6)) - x. Suppose -g*d = -2*d - 60. Calculate the greatest common divisor of 75 and d.
15
Let z(j) = -2*j - 14. Let a be z(-11). Calculate the greatest common factor of 2 and a.
2
Suppose 54 + 10 = 8*h. Calculate the highest common factor of h and 1.
1
Let l be (-28)/(-20) + 2/(-5). Suppose -5*y = -z - 3*z + 17, -5*z - 4*y + 11 = 0. Calculate the highest common factor of z and l.
1
Let n(v) = v**2 + 5*v - 6. Let s be n(-6). Suppose o + 4*o - 70 = s. Let m(f) = -2*f + 70. Let t be m(0). Calculate the greatest common divisor of o and t.
14
Let h(x) = -x - 2 + 6*x**2 - 2 + 3*x. Let q be h(3). Let c = -2 + 9. What is the greatest common factor of c and q?
7
Let t be (-6)/(-3) - (1 + -1). Let a be t/6 + (-17)/(-3). Let s be 10/65 - (-1244)/26. What is the highest common divisor of s and a?
6
Let k(o) = -2*o**2 + o + 1. Let c be k(-2). Let w be 2/c + 112/18. What is the greatest common divisor of w and 3?
3
Let y be (-10)/(100/51 + -2). Calculate the highest common divisor of y and 15.
15
Let f be 0/(-1)*(-1 - 0). Suppose 4*u + 3*x = -u + 66, f = 5*u + 5*x - 70. Calculate the highest common factor of 12 and u.
12
Let d = 50 - 10. Let f = d - 23. Calculate the greatest common divisor of f and 68.
17
Suppose -l - 2 = -3. Let c = 0 - 14. Let i be c/l*7/(-7). What is the greatest common divisor of i and 7?
7
Let v(g) = -g - 1. Let p = 5 - 8. Let u be v(p). What is the highest common factor of u and 6?
2
Let m(f) = -3*f. Let n be m(-4). Suppose 2*s + 16 = 4*w, 3*w - n = 4*s + s. Suppose s*p - 4*p + 28 = 0. Calculate the greatest common factor of p and 63.
7
Let m be 76/13 - (-26)/169. Calculate the highest common factor of 12 and m.
6
Suppose d + 2 = 2*d. What is the greatest common factor of d and 8?
2
Suppose -40 = -98*i + 94*i. Suppose 0 = 5*h - 55 + 5. Calculate the highest common factor of i and h.
10
Let j = 2 - 7. Let z(w) = 7*w. Let c(b) = -8*b + 1. Let u(y) = j*z(y) - 4*c(y). Let r be u(-8). Calculate the highest common divisor of r and 4.
4
Let s(j) = j**2 + 8*j - 11. Let t be s(-10). What is the highest common divisor of 9 and t?
9
Let a(z) = 3*z**3 - 7*z**2 + 7*z + 6. Let t be a(3). What is the highest common divisor of 135 and t?
45
Let k = 21 - 14. Let p = 4 + -6. Let d be (-308)/(-2)*(-1)/p. What is the greatest common divisor of k and d?
7
Suppose -4 = 3*x - 1. Let y be (11*x)/(3 - 4). Let p = -259 - -380. What is the highest common divisor of p and y?
11
Suppose 2*i = -4*w + 46, -13 = -3*i + 3*w + 65. Calculate the greatest common factor of 15 and i.
5
Suppose -5*u + 26 = -24. Calculate the greatest common divisor of 20 and u.
10
Let i = -56 + 68. Calculate the highest common factor of 132 and i.
12
Suppose 0*w = f - 2*w + 6, 2*f - 3*w = -7. Suppose -2*v + 112 = -5*r, -2*v + v - f*r + 30 = 0. Calculate the greatest common factor of 23 and v.
23
Let h be 8/12*27/6. Let p = 9 - 6. What is the highest common divisor of h and p?
3
Let n = 8 - 9. Let m(a) = -3*a**3 + a. Let r be m(n). Let s be (-6)/(-4)*(6 - r).